 what is 111000 - -110010000101100001?
110010000110011001
In base 5, what is 40200223140 - 3?
40200223132
In base 14, what is -1545 - ad3?
-2238
In base 12, what is -4 + 6150605?
6150601
In base 16, what is -5e3 - 8fd?
-ee0
In base 4, what is -21101031202010 + -10?
-21101031202020
In base 16, what is -2ff - -5e7?
2e8
In base 13, what is 1776 + -953?
b23
In base 2, what is -11110110101 - -1111110001000?
1011111010011
In base 2, what is 1101101110011001101 + 1010?
1101101110011010111
In base 7, what is 35632616 + 10?
35632626
In base 5, what is 10313 - 11443012?
-11432144
In base 16, what is -3d + 8b47?
8b0a
In base 15, what is -3221d7 + 1a?
-3221bc
In base 16, what is 9c - 632dc?
-63240
In base 8, what is -313 - 40714?
-41227
In base 13, what is -b9 + -62700?
-627b9
In base 11, what is 11a38 + -2a72a?
-187a2
In base 13, what is 1578 - 828b?
-6a13
In base 15, what is 238d1 - -1a?
238eb
In base 14, what is -5 - -dd7755?
dd7750
In base 7, what is -5 - -4202120?
4202112
In base 11, what is 1380 + 169594?
16a964
In base 6, what is 12011402 - -10?
12011412
In base 3, what is -11 + 2220121211121222?
2220121211121211
In base 13, what is 69 + 335b21?
335b8a
In base 5, what is 234132221 - -10142?
234142413
In base 14, what is -5 + -b8db16?
-b8db1b
In base 7, what is -2015363322 - -3?
-2015363316
In base 13, what is 17 - 189ccb?
-189cb4
In base 13, what is -44 + 10c21?
10baa
In base 3, what is -120220 + 102001212?
101110222
In base 13, what is 2 + -11b07b19?
-11b07b17
In base 2, what is 11100 - -11110011001001011?
11110011001100111
In base 5, what is -43004104 + -4433?
-43014042
In base 11, what is 228316 + -254?
228072
In base 16, what is -354b7c + -4a?
-354bc6
In base 7, what is 3246344 + -22?
3246322
In base 4, what is -123233323 - 102101?
-130002030
In base 4, what is 1100 + 221011300?
221013000
In base 7, what is 1245611441 - -11?
1245611452
In base 6, what is -1505114014 - 0?
-1505114014
In base 4, what is -2130213100 + -1?
-2130213101
In base 5, what is 10232033204 - 14?
10232033140
In base 13, what is -2 - 205770?
-205772
In base 2, what is 10001100010010111101 + -101?
10001100010010111000
In base 5, what is 43303033404 - 1?
43303033403
In base 16, what is 5 - -1bf032?
1bf037
In base 15, what is 0 + 87e37a?
87e37a
In base 12, what is -182206 - 12?
-182218
In base 6, what is 5 - -1231544130?
1231544135
In base 11, what is -379905 - -2?
-379903
In base 5, what is -1222422 - -10034?
-1212333
In base 10, what is -14753 + -75?
-14828
In base 7, what is -2 + 20305011?
20305006
In base 8, what is -246545050 + -1?
-246545051
In base 16, what is -3f7a - a709?
-e683
In base 6, what is 21455342452 - 3?
21455342445
In base 12, what is 3 - a066442b?
-a0664428
In base 16, what is -6cd68 + -319?
-6d081
In base 7, what is -23 - 5652054?
-5652110
In base 4, what is 3212220003 + 110?
3212220113
In base 8, what is -11532744 - -5?
-11532737
In base 3, what is 1222 - 1012220201?
-1012211202
In base 13, what is 1106 + 1bc93?
20099
In base 16, what is -1ed2c5c + 1?
-1ed2c5b
In base 13, what is 11305 + -1a?
112b8
In base 4, what is 103100301 + 133?
103101100
In base 6, what is -1232502 - 540?
-1233442
In base 13, what is 56c9ab36 + 6?
56c9ab3c
In base 3, what is 211112 - -12211100000?
12212011112
In base 10, what is 1 + 135604?
135605
In base 4, what is -3001300 + 10112?
-2331122
In base 4, what is 221230 - -2122033?
3003323
In base 6, what is 0 + 3103241040?
3103241040
In base 6, what is 42 - -13454101?
13454143
In base 15, what is 7dd8 - -119?
8002
In base 13, what is 3 - 107721c?
-1077219
In base 6, what is -142040 - -51121?
-50515
In base 2, what is -11111 - -111101110010100100001110?
111101110010100011101111
In base 11, what is -1077 + -21a?
-1296
In base 8, what is 5045 + 73340?
100405
In base 16, what is -65d2f - 2b1?
-65fe0
In base 16, what is -6a + -53b3?
-541d
In base 8, what is -1334373 + 13?
-1334360
In base 12, what is -b13b40 - -89?
-b13a73
In base 15, what is -13079 - 149?
-131c3
In base 13, what is -41868 - -172?
-416c6
In base 15, what is 12 + 199ee?
19a11
In base 6, what is -34304252 + -4503?
-34313155
In base 15, what is 13e9 - 1037?
3b2
In base 9, what is 6712 + 261?
7073
In base 16, what is 55 + -f09?
-eb4
In base 9, what is 8 + 8085526?
8085535
In base 6, what is 2104310 + -12030?
2052240
In base 2, what is -1110010011001011100110 - 100?
-1110010011001011101010
In base 11, what is -183215 - -a7?
-183119
In base 13, what is -497c6b1 - -4?
-497c6aa
In base 4, what is 210003013000 + -10?
210003012330
In base 4, what is 3233131112321 + 2?
3233131112323
In base 9, what is 27623 - -54828?
83552
In base 2, what is 0 + 1011000001100011010001000010?
1011000001100011010001000010
In base 14, what is -611432a + -3?
-611432d
In base 8, what is -40462 - -1511?
-36751
In base 9, what is -1426117 + -11?
-1426128
In base 3, what is 1101222212221 - 10?
1101222212211
In base 14, what is 3007035 + -2?
3007033
In base 16, what is 1e - b9c5?
-b9a7
In base 11, what is 801a9 + 12aa?
814a8
In base 4, what is -3320133 + 2210313?
-1103220
In base 10, what is 597387 - -689?
598076
In base 4, what is -131000121012 + -22?
-131000121100
In base 6, what is 140040 + 15343?
155423
In base 13, what is -44224 - 2505?
-46729
In base 10, what is 5 - 255944828?
-255944823
In base 14, what is -2 + -210254?
-210256
In base 3, what is -12022 - 1210211111022?
-1210211200121
In base 12, what is 2 + -12b00b0?
-12b00aa
In base 5, what is -120 - -213331343?
213331223
In base 11, what is -682682a7 - 5?
-68268301
In base 2, what is 11011100110 - 1100000100?
1111100010
In base 14, what is 5c762 + 181?
5c903
In base 3, what is -201020010112 + -201211?
-201020212100
In base 5, what is -12130 - 11140333?
-11203013
In base 8, what is 30541 + -1541?
27000
In base 2, what is -101011011110110000101010 + -1011?
-101011011110110000110101
In base 11, what is -1 - -465219?
465218
In base 4, what is -2311133332202 - 10?
-2311133332212
In base 2, what is -1010101111100 + 1101001001?
-1001000110011
In base 3, what is 121020012 - -2001?
121022020
In base 4, what is -3203032220023 - 11?
-3203032220100
In base 5, what is 3011203 - -1100?
3012303
In base 11, what is -141 - -82877?
82736
In base 10, what is 334929 + 134?
335063
In base 3, what is 22211120 - -112021?
100100211
In base 13, what is aa76 + -989?
a0ba
In base 10, what is -19458 - -478?
-18980
In base 6, what is -35511 + 5424?
-30043
In base 2, what is -1010001001001001100011011011 + 10?
-1010001001001001100011011001
In base 4, what is -3330103 + 3022?
-3321021
In base 9, what is 2622426 - -7?
2622434
In base 10, what is -826 - 221?
-1047
In base 3, what is 210222212212 + -100?
210222212112
In base 9, what is 526 + 165676?
166313
In base 7, what is 30612410 + 5?
30612415
In base 12, what is -764a - 1aa8?
-9536
In base 5, what is 110 - 2013203130?
-2013203020
In base 8, what is -217524 + -155?
-217701
In base 16, what is -4233 - 120?
-4353
In base 10, what is 38032734 - 1?
38032733
In base 3, what is -12 + -12122012220112022?
-12122012220112111
In base 5, what is 14012 + 403003?
422020
In base 9, what is 2 + 25354348?
25354351
In base 5, what is -424040 + 2330?
-421210
In base 13, what is 2 - b408b47?
-b408b45
In base 10, what is 1 + 506096?
506097
In base 10, what is 47 - 589462?
-589415
In base 3, what is 0 - 12102001000122?
-12102001000122
In base 16, what is d948 - -7?
d94f
In base 4, what is 1233021311110 + 10?
1233021311120
In base 4, what is 33 + 3333033211?
3333033310
In base 10, what is 1821 - -206889?
208710
In base 7, what is 14642 + -355?
14254
In base 6, what is 10015 + 1215211?
1225230
In base 11, what is -403 + 8328?
7a25
In base 3, what is -101 - -200012220011122?
200012220011021
In base 10, what is -240367 - 2?
-240369
In base 13, what is 7 + 6b64?
6b6b
In base 4, what is -2 - -10222303303131?
10222303303123
In base 13, what is 6c04321 + -14?
6c0430a
In base 3, what is 2120 + -100022111102?
-100022101212
In base 11, what is -457a1 + 551?
-45250
In base 3, what is 101220021101 + -111?
101220020220
In base 14, what is -2cb + 1180?
c93
In base 13, what is -2 + 6653860?
665385b
In base 14, what is -668817 + -44?
-66885b
In base 14, what is -102 + -baa45?
-bab47
In base 7, what is -2316015050 + 4?
-2316015043
In base 10, what is 1 + -673386